ded by 104?
100
Let t be (-12)/(-4) + 92/(-6)*3. Let q = t + 111. Calculate the remainder when q is divided by 23.
22
Calculate the remainder when 1 - 10 - (-14381)/73 is divided by 41.
24
Let p = -793 + 1430. What is the remainder when p is divided by 40?
37
Suppose 0 = 5*z - g - 89, 0 = -3*z + 5*g + 18 + 31. Let o(m) = 3*m - 43. Calculate the remainder when o(z) is divided by 3.
2
Let n = -2 + 14. Calculate the remainder when 44 is divided by n.
8
Let o = -2986 - -3445. What is the remainder when o is divided by 39?
30
What is the remainder when 86 is divided by 795/45 - (0 - 1/3)?
14
Let t = 2 + 3. Suppose 3*r + 17 + 4 = 4*b, -2*b - t*r = -17. What is the remainder when (24/32)/(87/84 - 1) is divided by b?
3
Let h = 91 - 63. Suppose h = 4*v + 8. Suppose 5*x - v*a - 447 = x, -3*x + 4*a + 335 = 0. Calculate the remainder when x is divided by 29.
26
Let h(k) = 2*k**3 + 20*k**2 - 10*k - 19. What is the remainder when h(-10) is divided by 46?
35
Suppose -22 = -m + n, -n + 32 = 2*m - 0*m. What is the remainder when 66 is divided by m?
12
Suppose 2*l - 42 = 2*t, -3*t + 20 - 3 = 2*l. Suppose 5*j - 39 = 8*j. Let x(y) = -5*y - 3. What is the remainder when x(j) is divided by l?
14
Suppose 0 = -0*b - 5*b. Suppose 3*g - 30 - 3 = b. Suppose 2*p + 6 = 4*q, 3*q + 2*p - 7 - 8 = 0. What is the remainder when g is divided by q?
2
Let f(q) = 2*q + 22. What is the remainder when 79 is divided by f(3)?
23
Let n be 1/(-10)*-88*5. What is the remainder when n/(-8)*-1*14 is divided by 20?
17
Let o(s) = -s**2 - 11*s - 6. Let m(c) = -8*c**2 - c. Let f be m(2). Let q = 8 - f. Calculate the remainder when q is divided by o(-4).
20
Let i(h) = 2*h**2 - h + 2. Let w be (3 - (1 + -1)) + -4 - -35. Let q = w + -20. What is the remainder when i(-4) is divided by q?
10
Let c(v) = 11*v - 24. Let p be c(7). Let j = p + -46. What is the remainder when 26 is divided by j?
5
Suppose 183 = 3*k - 4*a, 0 = 6*k - k + 4*a - 273. What is the remainder when k is divided by 56?
1
Let u be 1/8 - -6*(-2)/96. Suppose b + 0 - 11 = u. Calculate the remainder when 98 is divided by b.
10
Let u(x) = -10*x - 52. Calculate the remainder when 139 is divided by u(-10).
43
Let c be 6/15 - -206*3/30. Calculate the remainder when (-276)/(-9) + 7/c is divided by 11.
9
Let m = 104 - 122. Suppose -4*p = 42 + 66. Let f = m - p. Calculate the remainder when 33 is divided by f.
6
Let q(t) = 2*t**2 + 3*t + 2. Let h be q(3). Let r = 3 - -12. Calculate the remainder when r is divided by h/5 - (-7)/35.
3
Calculate the remainder when 133 is divided by (-2)/2 - (-14 - 0 - 14).
25
Let z(k) = -k**3 - 16*k**2 - 3*k - 20. Let j(i) = i**2 + 1. Let q(v) = 6*j(v) + z(v). What is the remainder when 79 is divided by q(-10)?
15
Suppose 370 = 5*a - 5*i, 230 = 3*a + i - 6*i. Let x(j) = -j**2 - 16*j - 12. Calculate the remainder when a is divided by x(-12).
34
Suppose -2*l + 404 = 5*f, -3*l = 5*f - 562 + 156. Calculate the remainder when f is divided by 12.
8
Let s(n) = n**2 - 8*n - 7. Let u be s(9). Suppose 2*b + 3*y - 6*y = 65, b + u*y - 22 = 0. Calculate the remainder when 111 is divided by b.
27
What is the remainder when (-6)/((-2)/(2 + 0)) is divided by 6 - ((-72)/(-9) - 4)?
0
Suppose -y = 4*y - 360. Suppose 5*u - y = 2*u. Suppose 13*v + 27 = 16*v. What is the remainder when u is divided by v?
6
Suppose -1 = t - 4, -5*z + 4*t + 193 = 0. Let s(x) = 16*x**3 + x**2 + x. Let w be s(-1). Calculate the remainder when z is divided by (-56)/(-6)*(-24)/w.
13
Suppose 2*a + k = -k + 590, -4*k = 8. Let d = -169 + a. Calculate the remainder when 60 is divided by 3/(-9) + d/6.
18
Let a = 13 + -24. Let m = a + 26. Suppose -3*h = -2*q - q - 24, 2*q = -3*h + 29. Calculate the remainder when m is divided by h.
6
Suppose 259*n = 251*n + 200. What is the remainder when 25 is divided by n?
0
Let x(a) = a**3 - 6*a**2 + a + 1. Suppose -4*l = -o - 8, 0 = -o - l + 2*l + 4. Suppose v + 126 = o*v. What is the remainder when v is divided by x(6)?
4
Suppose 9 - 109 = -5*q. Let k = q - -4. What is the remainder when k is divided by 13?
11
Suppose 3*f = q + 1 - 3, 4 = -2*q - 2*f. Let w = 14 - q. Calculate the remainder when w is divided by 9.
6
Let z = 15 + -8. Let b(r) = r**3 + r**2 + 2*r - 2. Let y(k) = 6*k + 7. Let o be y(-1). Calculate the remainder when z is divided by b(o).
1
Let s(h) = 2*h**2 + 36*h - 19. Let v(r) = 2*r**2 + 37*r - 19. Let g(q) = -5*s(q) + 4*v(q). Calculate the remainder when g(-16) is divided by 11.
8
Suppose -61 + 193 = 4*x. What is the remainder when x is divided by (-45)/(-2)*(-2 - (-126)/45)?
15
Suppose v = 5*o - 3*v - 189, 0 = -o + 3*v + 29. Calculate the remainder when 279 is divided by o.
33
Suppose -2*m + 7*m + 60 = 0. Let s(u) = 2*u + 29. Let w be s(m). Suppose 3*o = 8*o + w, o - 49 = -2*f. Calculate the remainder when f is divided by 7.
4
Suppose 4*d - l - 262 = 0, 0 = -13*d + 8*d - 4*l + 317. Calculate the remainder when d is divided by 17.
14
Let y(n) = 6*n**3 + 2*n**2 + 2*n + 6. Calculate the remainder when y(2) is divided by 17.
15
Suppose -2*x + 30 = 5*c, c - 94 = -5*x + 4. Calculate the remainder when 94 is divided by x.
14
Suppose 2*f = -2*l + 37 - 9, -4*f + 2*l + 32 = 0. What is the remainder when 35 is divided by 95/f + 1/(-2)?
8
Let g(f) = f**3 - 25*f**2 - 28*f + 68. Let p = 160 + -99. Calculate the remainder when p is divided by g(26).
13
What is the remainder when 112 is divided by (-24)/(-36)*27*3?
4
Suppose 4*v = -2*c - 4, -2*v = 3*c - 0 - 2. Let n = 12 - 5. Suppose c + n = q. Calculate the remainder when q is divided by 3.
0
Let m = -16 + 28. Let v = 1321 + -1262. What is the remainder when v is divided by m?
11
Let n(b) = b**2 - 13*b - 15. Let r(a) = -a**2 - a + 1. Let p(z) = -n(z) - 2*r(z). Let o be p(-14). What is the remainder when (-23)/(o/(3/3)) is divided by 12?
11
Let d be (((-6)/4)/(-3))/((-11)/(-66)). Suppose d*f + 38 = 5*f. Calculate the remainder when 50 is divided by f.
12
Let o(z) = -6*z**2 - 32*z + 8. What is the remainder when 140 is divided by o(-5)?
14
Suppose 4*o + 90 = 3*u + 46, 60 = 4*u - 4*o. What is the remainder when 222 is divided by u?
14
Calculate the remainder when -3*(8 - (-2144)/(-24)) is divided by 58.
12
Let t(c) = 2*c**3 - 28*c**2 + 64*c + 32. What is the remainder when 120 is divided by t(11)?
0
Let s(b) = -53*b + 173. Calculate the remainder when 20 is divided by s(3).
6
Let t(s) = -s**3 + 5*s**2 + 21*s - 62. What is the remainder when t(5) is divided by 8?
3
Suppose 366 = 15*c - 69. Calculate the remainder when 48 is divided by c.
19
Let q(a) = a**2 - 11*a - 41. Calculate the remainder when 94 is divided by q(15).
18
Suppose 0 = -20*k + 8*k + 12. Let y = -7 - -10. What is the remainder when y is divided by k?
0
Suppose 0 = -5*i + 8*i + 18. Let h be 1 - (-7 - (i - -3)). Suppose 9 = h*p - 61. What is the remainder when 55 is divided by p?
13
Suppose -257 = -7*p - 19. Suppose -5*h - p = -6*r + 2*r, 0 = 5*r + 5*h - 65. Calculate the remainder when 36 is divided by r.
3
Let a be 3/(((-9)/10)/(-3)). Suppose 7*x + 27 = a*x. What is the remainder when 26 is divided by x?
8
Let q(b) be the third derivative of b**5/60 - 5*b**4/24 + 47*b**3/6 + 40*b**2. What is the remainder when q(9) is divided by 43?
40
Suppose -6 = -2*s + 4*s, 3*s - 31 = -5*a. What is the remainder when (8 - 10 - -4)*(38 + -4) is divided by a?
4
Let a = 482 + -39. Calculate the remainder when a is divided by 74.
73
Suppose 3*r = -4*b + 188, -5*r = -3*b - 147 - 147. What is the remainder when 94 is divided by r?
34
Let z(v) = -5 + 28*v - 20 - 34*v. Let c(f) = -f**2 + 9*f + 3. Calculate the remainder when z(-11) is divided by c(6).
20
Suppose -g - g = k - 30, 60 = 4*g + 3*k. Suppose 3*c - 6*c = 2*y - 19, 0 = 3*c - 15. Suppose g = 3*t + y*t. What is the remainder when 12 is divided by t?
0
Let p(g) = -g**2 + 9*g - 2. Let j = 90 + -20. What is the remainder when j is divided by p(4)?
16
Calculate the remainder when 593 is divided by (1 + -28 - 6)*-1.
32
Let j(l) = 2*l - l**3 + 4*l**2 - 5 + 0*l + 5*l. Calculate the remainder when j(5) is divided by 2.
1
Suppose -21*b = 4*b - 1150. What is the remainder when b is divided by 8?
6
Let y(f) = 2*f**3 - 2*f**2 - f - 2. Let h be y(2). Suppose -v + 2*z + 28 = -0*v, -20 = h*z. What is the remainder when 49 is divided by v?
13
Suppose 4*w + c - 36 = 0, -6*c - 20 = -5*w